base 2?
-100001110101011
Convert 12111 (base 3) to base 9.
174
What is -2680 (base 10) in base 11?
-2017
What is 596 (base 11) in base 13?
428
Convert -10212011 (base 4) to base 5.
-1100241
Convert -12760 (base 10) to base 11.
-9650
24521 (base 6) to base 8
7101
5c2c (base 15) to base 5
1111432
Convert 1313 (base 5) to base 13.
130
What is -d1 (base 15) in base 13?
-121
Convert -81 (base 13) to base 11.
-96
What is 120011 (base 3) in base 2?
110011001
-234 (base 5) to base 15
-49
What is 14453 (base 9) in base 4?
2121321
Convert -15826 (base 9) to base 15.
-3353
What is 150205 (base 6) in base 13?
66a7
3 (base 14) to base 10
3
7a28 (base 12) to base 2
11010100000000
Convert 10000001101 (base 2) to base 6.
4445
Convert -2001220 (base 3) to base 15.
-6a9
What is -2897 (base 16) in base 9?
-15225
What is 551 (base 8) in base 13?
21a
Convert -16051 (base 8) to base 15.
-2209
10221 (base 6) to base 7
4012
-116631 (base 9) to base 14
-1b998
-11011 (base 2) to base 7
-36
111120112 (base 3) to base 7
40565
What is 75 (base 14) in base 9?
124
226 (base 14) to base 13
26a
95 (base 15) to base 12
b8
Convert 1111000011 (base 2) to base 13.
591
Convert -201162 (base 7) to base 6.
-421350
-221113 (base 4) to base 13
-1288
Convert 1040 (base 6) to base 14.
132
Convert -12438 (base 10) to base 13.
-587a
What is 101111 (base 3) in base 9?
344
What is -2412 (base 6) in base 2?
-1001001000
7a3 (base 15) to base 9
2330
What is 200102 (base 3) in base 14?
277
What is d95a (base 14) in base 8?
111214
What is -1640 (base 7) in base 8?
-1231
What is -20113 (base 4) in base 6?
-2251
What is -110101 (base 4) in base 5?
-20142
-1123224 (base 5) to base 12
-b9b3
Convert 610 (base 8) to base 10.
392
Convert -60024 (base 7) to base 12.
-8420
What is 1006 (base 7) in base 9?
427
What is 1112010 (base 3) in base 13?
675
-3044 (base 9) to base 14
-b51
Convert 3162b (base 12) to base 4.
33311003
-3497 (base 11) to base 2
-1000111100111
3321112 (base 5) to base 8
160471
What is -895 (base 11) in base 15?
-4b7
Convert -312343 (base 5) to base 13.
-4930
Convert -321261 (base 7) to base 8.
-154633
What is -10001001110 (base 2) in base 7?
-3133
Convert -23003 (base 4) to base 10.
-707
-1520 (base 13) to base 7
-11642
Convert -a191 (base 12) to base 14.
-6565
What is 87c1 (base 13) in base 4?
10213210
4535 (base 11) to base 15
1b7c
321301 (base 4) to base 12
2181
What is 344140 (base 5) in base 10?
12420
-1109 (base 10) to base 3
-1112002
Convert 103447 (base 8) to base 4.
20130213
204 (base 5) to base 15
39
Convert 7621 (base 13) to base 16.
4024
Convert -1314324 (base 5) to base 2.
-110011001100110
What is -1212110 (base 3) in base 9?
-1773
What is 182 (base 13) in base 11?
230
What is 1514 (base 7) in base 6?
2435
What is -12013 (base 4) in base 9?
-474
Convert -31403 (base 6) to base 9.
-5743
Convert -324465 (base 7) to base 13.
-1cb42
What is 195 (base 10) in base 4?
3003
What is -102221 (base 4) in base 3?
-1122012
Convert 202000 (base 3) to base 12.
390
Convert -25a (base 15) to base 10.
-535
Convert -804 (base 9) to base 5.
-10102
Convert -641 (base 15) to base 12.
-997
Convert 151513 (base 6) to base 16.
3945
Convert -22213 (base 4) to base 3.
-221011
4613 (base 11) to base 12
3614
What is -4420 (base 5) in base 9?
-747
Convert 11551 (base 8) to base 11.
3808
110501 (base 7) to base 5
1110304
What is 144432 (base 8) in base 15?
103c2
Convert -1101101000100101 (base 2) to base 6.
-1110313
Convert -130541 (base 6) to base 8.
-27135
-2646 (base 12) to base 4
-1010112
What is -505 (base 13) in base 16?
-352
Convert -477 (base 16) to base 13.
-69c
Convert -2456 (base 7) to base 3.
-1021012
83854 (base 9) to base 8
154114
What is -101233 (base 4) in base 9?
-1501
What is -71152 (base 8) in base 5?
-1414130
100100100001 (base 2) to base 8
4441
-1453 (base 10) to base 11
-1101
115 (base 13) to base 14
d5
What is -155541 (base 6) in base 5?
-444131
222330 (base 5) to base 7
31600
What is 10534 (base 7) in base 10?
2671
Convert 210111112 (base 3) to base 16.
3d3a
-12a (base 16) to base 12
-20a
-220041 (base 6) to base 12
-a621
Convert -533 (base 13) to base 2.
-1101110111
Convert 16604 (base 11) to base 9.
35032
Convert -2274 (base 10) to base 11.
-1788
Convert -355 (base 12) to base 7.
-1310
Convert -2c49 (base 15) to base 9.
-14046
Convert -808 (base 16) to base 15.
-921
Convert 3853 (base 9) to base 4.
231003
-3621 (base 9) to base 13
-12c1
What is -859 (base 14) in base 11?
-1268
-57a (base 13) to base 15
-431
10401 (base 6) to base 12
a01
-11233 (base 6) to base 5
-22410
What is -1011110202 (base 3) in base 7?
-123614
Convert a37 (base 12) to base 6.
10511
What is -3ae (base 15) in base 3?
-1011002
Convert 23031 (base 9) to base 14.
5837
5838 (base 9) to base 11
3285
What is -10606 (base 9) in base 15?
-2153
What is -34877 (base 9) in base 4?
-11230111
Convert -11ce (base 16) to base 7.
-16201
Convert -3221322 (base 4) to base 13.
-6a77
1194 (base 12) to base 16
7c0
Convert 1014 (base 9) to base 5.
10432
212 (base 4) to base 15
28
Convert -1000010100100101 (base 2) to base 10.
-34085
Convert 1c (base 14) to base 11.
24
What is -1a5 (base 11) in base 6?
-1032
Convert -1011100111000111 (base 2) to base 6.
-1004103
What is 1001111110000 (base 2) in base 10?
5104
What is 320 (base 4) in base 5?
211
-23 (base 8) to base 10
-19
What is 11100000 (base 2) in base 8?
340
Convert -1057 (base 8) to base 7.
-1426
712 (base 8) to base 6
2042
Convert 121122 (base 3) to base 2.
111000001
What is -20541 (base 6) in base 10?
-2797
-206a (base 12) to base 8
-6722
-497 (base 12) to base 11
-579
Convert 277 (base 11) to base 9.
402
Convert -1005 (base 6) to base 4.
-3131
What is -a73 (base 14) in base 4?
-200031
What is 1a90 (base 13) in base 8?
7644
-1507 (base 12) to base 9
-3327
Convert -c0c (base 14) to base 2.
-100100111100
Convert -24616 (base 9) to base 13.
-76b3
Convert 155313 (base 7) to base 11.
21065
Convert 47 (base 16) to base 2.
1000111
What is -10101110101 (base 2) in base 9?
-1822
What is -631a (base 11) in base 9?
-12430
What is 110100001011 (base 2) in base 14?
1307
What is 13 (base 12) in base 16?
f
Convert -129 (base 10) to base 16.
-81
What is 740 (base 8) in base 3?
122210
Convert 23100 (base 11) to base 15.
9d66
Convert 2416 (base 7) to base 10.
895
Convert 10221 (base 3) to base 2.
1101010
6dc (base 16) to base 8
3334
Convert 325 (base 12) to base 11.
38a
9c9c (base 14) to base 5
1332221
-1723 (base 8) to base 9
-1307
-2551 (base 7) to base 8
-1707
Convert 1021 (base 4) to base 5.
243
1000101010000001 (base 2) to base 9
53566
What is -16723 (base 9) in base 6?
-125203
What is 3346 (base 10) in base 2?
110100010010
Convert 9907 (base 12) to base 7.
100066
What is -1000111100 (base 2) in base 12?
-3b8
What is 33f6 (base 16) in base 6?
141330
-330254 (base 6) to base 3
-1101110221
-3373 (base 10) to base 7
-12556
Convert 34e8 (base 15) to base 6.
124015
Convert -26120 (base 7) to base 8.
-15413
Convert 92d8 (base 15) to base 11.
21348
Convert -200002021 (base 3) to base 13.
-6001
What is 2210111220 (base 3) in base 7?
316332
Convert -284 (base 12) to base 11.
-323
What is 1425a (base 12) in base 9?
42367
2095 (base 12) to base 6
24305
Convert -10911 (base 10) to base 5.
-322121
33cb (base 15) to base 4
2223233
Convert 6147 (base 10) to base 7.
23631
What is -67141 (base 9) in base 14?
-1236b
What is 11011100111 (base 2) in base 16?
6e7
Convert -49 (base 13) to base 12.
-51
-1010101010110 (base 2) to base 7
-21632
Convert 11102200 (base 3) to base 2.
110010011111
What is 230301 (base 5) in base 3?
102020202
240330 (base 5) to base 16
2288
Convert 100110101101 (base 2) to base 7.
10136
100110001110 (base 2) to base 11
1924
-123500 (base 7) to base 12
-112ab
-104 (base 6) to base 5
-130
-31405 (base 7) to base 9
-11557
Convert 4678 (base 15) to base 14.
564b
What is -1031332 (base 5) in base 9?
-26265
Convert -7080 (base 10) to base 13.
-32b8
Convert 1425 (base 6) to base 9.
458
What is 414 (base 5) in base 7?
214
What is -10333 (base 5) in base 9?
-877
284 (base 13) to base 9
545
What is 940b (base 12) in base 14?
5c4b
What is -5ea0 (base 15) in base 4?
-10323033
1033313 (base 4) to base 3
21000022
Convert 112231 (base 7) to base 9.
30407
What is -1300032 (base 4) in base 5?